))/(21/224). Suppose -5*i + p + 101 = n, 0 = i - 4*n - 13. What is the remainder when 113 is divided by i?
26
What is the remainder when (-8)/(-2)*1*(-308)/(-16) is divided by 27?
23
Let s be -4 - -4 - 1*-5. Suppose d + 140 = s*d. What is the remainder when d is divided by 12?
11
Let v be (-2)/((8/(-3))/4). Suppose -4 = -v*o + 5. Calculate the remainder when 4 is divided by (-2 + o/2)*-4.
0
Let i(r) = 2*r**2 + r + 18. Suppose f = -f. Calculate the remainder when 87 is divided by i(f).
15
Suppose -3*t - 2*s = -8 - 6, 0 = 3*s - 3. Let a = -5 + 11. Calculate the remainder when 12*4/a*t is divided by 11.
10
Suppose 46 = 5*l + 16. Suppose -3*c = -l, -5*a + 2*c + 103 = c. What is the remainder when a is divided by 11?
10
Suppose 0*g + g = -2*y + 29, 4*g = 4*y + 80. What is the remainder when 89 is divided by g?
20
Let o = -72 + 126. Suppose -o = -2*w - 18. Calculate the remainder when w is divided by 7.
4
Let b = -141 - -233. Calculate the remainder when b*1 - 6/2 is divided by 23.
20
Let x(r) be the third derivative of 0*r + 0 + 1/60*r**6 - 1/12*r**5 + 3*r**2 - 1/6*r**3 + 1/12*r**4. What is the remainder when 26 is divided by x(3)?
12
Suppose -12 = o + 3*r, 0*o + 22 = 4*o - 2*r. Suppose y = o, -5*a + y + 91 = -2*y. Suppose -4 + a = x. What is the remainder when x is divided by 6?
4
Calculate the remainder when 116 is divided by (2 - 76/14)*-7*1.
20
Let t(a) = -a**3 + 12*a**2 + 16*a - 2. What is the remainder when 146 is divided by t(13)?
35
Let w = -3 + 5. Suppose -w*j = -j - 9. Calculate the remainder when 25 is divided by j.
7
Suppose 4 - 22 = -6*u. Let t(i) = -1 + 0 + i**2 + 3*i + 0*i**2. Calculate the remainder when t(u) is divided by 6.
5
Let j = 15 + -11. Suppose 3*m = 2*m - 4*t + 57, 2*m - 130 = -j*t. Calculate the remainder when m is divided by 19.
16
Let d(k) be the third derivative of k**4/24 + k**3 + k**2. Suppose 8 = 4*v - 4*m, 4*v - 4*m - 15 = -v. Calculate the remainder when d(7) is divided by v.
6
Let x = -15 - -6. Let r(b) = -6*b - 5. Let c be r(-5). Let s = c - x. What is the remainder when s is divided by 12?
10
Suppose -2*q + 3*u + 7 = 0, q = -0*q - 3*u + 8. Suppose 4*g = q*x + 3, -g + 1 = x - 2*x. What is the remainder when (-1 - x)/((-6)/30) is divided by 4?
2
Let h be ((-4)/(-3))/((-2)/(-9)). Suppose d - h = -0*d. Calculate the remainder when d/2 - 50/(-5) is divided by 5.
3
Suppose f + 26 = 2*f. Suppose 3*l + 0*l = 2*t + 2, -l - 3*t + 8 = 0. Calculate the remainder when l + (-1 + 51 - 2) is divided by f.
24
Suppose 13 = 3*g - 5*p - 25, -2*g + 2*p + 28 = 0. Let n(u) = u**2 - 12*u + 18. What is the remainder when n(13) is divided by g?
15
Suppose -3*l + q + 8 = 0, -2*l + 4*q = -0*l - 2. What is the remainder when 11 is divided by l?
2
Let q(b) = -b**2 + 7*b - 6. Let a be q(6). Suppose 4*d - 59 = -s - a*s, -2*d + s = -37. What is the remainder when 47 is divided by d?
15
Let s(a) = 5*a**2 + a. What is the remainder when (-4 - -3)/((-2)/34) is divided by s(1)?
5
Let r = -52 + 59. Calculate the remainder when 15 is divided by r.
1
Let i(r) = 6*r**2 + 2*r + 2. Let b be i(-1). Suppose -t + b = -9. Calculate the remainder when t is divided by 6.
3
Suppose 16 = k + 3. Calculate the remainder when 49 is divided by k.
10
Suppose 0 = 3*y + 2*y - 10. Suppose 0 = -3*p - 4*f + 5, 3*p + f - y*f = 10. What is the remainder when 5 is divided by p?
2
Let b(o) = -o**2 + 3*o. Let w be b(3). Suppose w = -5*t - 4*r - 39, -4 = t + 3*r - 5. Let s = 19 + t. What is the remainder when s is divided by 3?
2
Let z be (-2)/((8/5)/(-4)). Suppose 3*i - 17 = f, -4*i - 3*f = -z*i + 3. What is the remainder when 16 is divided by i?
4
Suppose 13*k = 8*k + 35. Suppose 3*b - k*b = -164. Calculate the remainder when b is divided by 22.
19
Let d = -53 - -98. Suppose 0 = 4*y + y - d. What is the remainder when ((-10)/4)/1*-6 is divided by y?
6
Calculate the remainder when 34 is divided by (-3*1)/(-14 + 8 - -5).
1
Suppose 202 = -5*t - 103. Let x = t - -113. What is the remainder when x is divided by ((-24)/(-20))/(3/45)?
16
Let b(c) = c**2 - 9*c + 4. Let i be b(7). Calculate the remainder when 45 is divided by (-186)/(-15) + 4/i.
9
Suppose 4*z - 8 - 16 = 0. Suppose 55 = 4*h + h. Calculate the remainder when h is divided by z.
5
Let r be 0*(-1 + -1)/(-2). Suppose r = 4*y - 24 - 16. Calculate the remainder when 29 + -1 - (0 + -1) is divided by y.
9
Let m = 75 - 59. What is the remainder when 79 is divided by m?
15
Let q(a) = 11*a**2 + 1. Let l(n) = 11*n. What is the remainder when l(2) is divided by q(-1)?
10
Let h = 3 + 2. Let n be ((-27)/(-12) - 2)*4. Suppose n = 2*j - 5. Calculate the remainder when h is divided by j.
2
Suppose 4*n = 17 - 1. What is the remainder when 15 is divided by n?
3
Let g(f) = -f**2 - 6*f + 5. Let b(i) = -3*i**2 - 13*i + 11. Let s(u) = -3*b(u) + 7*g(u). Let h = -1 + 12. What is the remainder when h is divided by s(2)?
3
Suppose 5 = -3*k + 23. Calculate the remainder when (-18)/(-2*(-3)/(-3)) is divided by k.
3
Let t = 1 + 1. Suppose -18 = -t*i + 4*f, -2*i + f = -3*i + 18. Suppose -4*g + 35 = -81. What is the remainder when g is divided by i?
14
What is the remainder when 75 is divided by 26/((3 - 4) + 2)?
23
Let j(t) = -2*t**2 + 20*t - 22. Calculate the remainder when 59 is divided by j(7).
19
Let h = 59 + -33. Calculate the remainder when h is divided by 10.
6
Let u = -5 - -9. Calculate the remainder when 9 is divided by u.
1
Suppose 3*v - 18 = 2*j + 7*v, -24 = 3*j + 3*v. What is the remainder when (12/(-2))/((-2)/7) is divided by 0 + 2 - (j - 3)?
9
Let z = -13 + 3. Let j(y) = 22*y**3 - y. Let r be j(1). Let g = r + z. What is the remainder when g is divided by 6?
5
Suppose 36 = 3*c + 3*k, -4*c + 30 = k - 3. What is the remainder when c is divided by 4?
3
What is the remainder when 33 is divided by -3*1 - (-15)/1?
9
Suppose 12 = -3*w + 6*w. Suppose 6 + 6 = w*m. Suppose 64 = m*i + 19. Calculate the remainder when 28 is divided by i.
13
What is the remainder when 15 is divided by (-2)/(-4) + 85/10?
6
Let z(j) = -j**2 + 7*j + 9. Let k be z(8). Suppose -3*g - 61 = -4*y, 0*g = -2*g + 10. What is the remainder when y is divided by -1 + (k + 5)*1?
4
Suppose 16*b = 11*b + 205. Calculate the remainder when b is divided by 10.
1
Let l be -1 - (12/4 - -3). Suppose -3*u + 58 - 7 = 0. Calculate the remainder when u is divided by (-3)/21 - 43/l.
5
Suppose -2*x + 52 = 4*b - b, -2*b + 3*x = -13. What is the remainder when 55 is divided by b?
13
Let i = 5 + 55. Calculate the remainder when i is divided by 31.
29
Let c = -1 + 34. What is the remainder when 164 is divided by c?
32
Suppose -3*y - 2*t = 2*t - 245, -2*t + 164 = 2*y. Suppose -y = -3*w - 0*w + l, 2*w + 5*l = 27. What is the remainder when w is divided by 14?
12
Suppose -2*f - 843 = -5*x, -12 + 187 = x - 2*f. What is the remainder when x is divided by 14?
13
Let w = -45 - -75. Calculate the remainder when w is divided by 8.
6
What is the remainder when -10 + 10 - (-37 + -2) is divided by 14?
11
Let g(h) = h**3 - 5*h**2 - 7. Let l be g(5). Let q(u) = 0*u**2 - u**2 - 5*u - u + 9. Calculate the remainder when q(l) is divided by 2.
0
Suppose -95*k + 85*k = -120. Let f = 24 - 3. Calculate the remainder when f is divided by k.
9
Suppose 2*b + 2 = 3*b, 4*z - b - 26 = 0. What is the remainder when 19 is divided by z?
5
Let l(c) = c**2 + 3*c - 3. Let h be l(-4). What is the remainder when 1*(50 - h - 2) is divided by 16?
15
Let x = -2 + 3. Suppose -5*k + 15 = 0, -t + 3*k + 9 = 17. Calculate the remainder when t is divided by x.
0
Suppose 3*r - 13 - 2 = 0. Calculate the remainder when 12 is divided by r.
2
Suppose -2*g = z - 12, 0 = -3*z + 4*z - 2. Let l be (g*-2)/(-2) - 0. Calculate the remainder when 19 is divided by 2 + 0 + l/1.
5
Let q(i) = -29*i + 9. Let b be q(-4). Suppose -7*u - 4*y + b = -2*u, -5*u + 3*y + 90 = 0. What is the remainder when u is divided by 6?
3
What is the remainder when -2*(2 + 9)/((-6)/66) is divided by 49?
46
Suppose o - 4*q + 0 - 19 = 0, -5*o - 5*q = -70. Calculate the remainder when o is divided by 6.
3
Let h = -6 - -9. Let d be (1 + -1)*(-1)/h. Suppose 3*u + 4*b = 9, 3*u + 2*u - 2*b - 15 = d. Calculate the remainder when 5 is divided by u.
2
Suppose a = -0*a - 3*r - 10, 3*a = 2*r + 25. Calculate the remainder when 7 is divided by a.
2
Let m = -4 + 12. Let p = 33 - 20. What i